git of 133097?
3
What is the thousands digit of 8102?
8
What is the hundreds digit of 39017?
0
What is the tens digit of 73544?
4
What is the thousands digit of 1972?
1
What is the thousands digit of 67218?
7
What is the tens digit of 579?
7
What is the thousands digit of 4465?
4
What is the ten thousands digit of 27386?
2
What is the hundreds digit of 24683?
6
What is the thousands digit of 35194?
5
What is the tens digit of 201?
0
What is the hundreds digit of 2401?
4
What is the hundreds digit of 7802?
8
What is the hundreds digit of 5364?
3
What is the hundreds digit of 5767?
7
What is the units digit of 99?
9
What is the ten thousands digit of 26098?
2
What is the units digit of 66247?
7
What is the tens digit of 2042?
4
What is the tens digit of 25445?
4
What is the thousands digit of 7013?
7
What is the tens digit of 135194?
9
What is the ten thousands digit of 77423?
7
What is the thousands digit of 3886?
3
What is the hundreds digit of 150122?
1
What is the hundreds digit of 1209?
2
What is the tens digit of 1718?
1
What is the units digit of 1677?
7
What is the units digit of 6361?
1
What is the units digit of 673?
3
What is the thousands digit of 1787?
1
What is the hundreds digit of 2678?
6
What is the hundreds digit of 38224?
2
What is the units digit of 4254?
4
What is the thousands digit of 6019?
6
What is the tens digit of 84?
8
What is the hundreds digit of 116?
1
What is the units digit of 46183?
3
What is the ten thousands digit of 21782?
2
What is the units digit of 27121?
1
What is the thousands digit of 3546?
3
What is the tens digit of 17176?
7
What is the tens digit of 74840?
4
What is the tens digit of 6084?
8
What is the units digit of 39763?
3
What is the tens digit of 30199?
9
What is the thousands digit of 1546?
1
What is the tens digit of 10457?
5
What is the thousands digit of 56382?
6
What is the tens digit of 19743?
4
What is the ten thousands digit of 46055?
4
What is the tens digit of 10878?
7
What is the tens digit of 64?
6
What is the units digit of 1359?
9
What is the units digit of 500?
0
What is the tens digit of 709?
0
What is the units digit of 304?
4
What is the ten thousands digit of 35928?
3
What is the units digit of 49?
9
What is the units digit of 2592?
2
What is the tens digit of 9711?
1
What is the thousands digit of 1827?
1
What is the thousands digit of 2463?
2
What is the hundreds digit of 3669?
6
What is the thousands digit of 8151?
8
What is the thousands digit of 17595?
7
What is the thousands digit of 80177?
0
What is the ten thousands digit of 21697?
2
What is the thousands digit of 48934?
8
What is the thousands digit of 1371?
1
What is the units digit of 2543?
3
What is the units digit of 230?
0
What is the tens digit of 5094?
9
What is the units digit of 30038?
8
What is the units digit of 3178?
8
What is the hundred thousands digit of 147914?
1
What is the units digit of 492?
2
What is the thousands digit of 25116?
5
What is the tens digit of 9504?
0
What is the hundreds digit of 204?
2
What is the thousands digit of 2266?
2
What is the thousands digit of 11936?
1
What is the tens digit of 63001?
0
What is the tens digit of 37?
3
What is the tens digit of 2106?
0
What is the units digit of 3068?
8
What is the tens digit of 22562?
6
What is the tens digit of 400?
0
What is the units digit of 23368?
8
What is the thousands digit of 5789?
5
What is the tens digit of 1035?
3
What is the tens digit of 21344?
4
What is the thousands digit of 2484?
2
What is the units digit of 804?
4
What is the hundreds digit of 1673?
6
What is the units digit of 227?
7
What is the hundreds digit of 138177?
1
What is the hundreds digit of 880?
8
What is the thousands digit of 3566?
3
What is the units digit of 4168?
8
What is the tens digit of 7668?
6
What is the hundreds digit of 1117?
1
What is the units digit of 5155?
5
What is the units digit of 2523?
3
What is the hundreds digit of 1048?
0
What is the hundreds digit of 4281?
2
What is the tens digit of 2034?
3
What is the hundreds digit of 1987?
9
What is the thousands digit of 14463?
4
What is the tens digit of 1206?
0
What is the thousands digit of 1540?
1
What is the tens digit of 5961?
6
What is the units digit of 1526?
6
What is the hundreds digit of 9382?
3
What is the tens digit of 475?
7
What is the hundreds digit of 958?
9
What is the tens digit of 1154?
5
What is the tens digit of 193?
9
What is the units digit of 716?
6
What is the tens digit of 371?
7
What is the hundreds digit of 11139?
1
What is the units digit of 1255?
5
What is the thousands digit of 6038?
6
What is the hundreds digit of 3294?
2
What is the units digit of 41599?
9
What is the units digit of 738?
8
What is the hundreds digit of 5597?
5
What is the tens digit of 90899?
9
What is the hundreds digit of 72282?
2
What is the tens digit of 1889?
8
What is the tens digit of 341?
4
What is the thousands digit of 5672?
5
What is the thousands digit of 1310?
1
What is the tens digit of 2337?
3
What is the tens digit of 5868?
6
What is the units digit of 160586?
6
What is the units digit of 5943?
3
What is the tens digit of 37630?
3
What is the tens digit of 420?
2
What is the thousands digit of 5142?
5
What is the tens digit of 657?
5
What is the hundreds digit of 9414?
4
What is the hundreds digit of 1304?
3
What is the hundreds digit of 1983?
9
What is the ten thousands digit of 74898?
7
What is the thousands digit of 6528?
6
What is the units digit of 7950?
0
What is the thousands digit of 1232?
1
What is the tens digit of 12923?
2
What is the thousands digit of 8038?
8
What is the units digit of 1325?
5
What is the tens digit of 298?
9
What is the thousands digit of 97956?
7
What is the tens digit of 5123?
2
What is the units digit of 1826?
6
What is the hundreds digit of 13888?
8
What is the ten thousands digit of 16201?
1
What is the hundreds digit of 12482?
4
What is the tens digit of 9689?
8
What is the hundreds digit of 1044?
0
What is the thousands digit of 25307?
5
What is the hundreds digit of 102872?
8
What is the ten thousands digit of 197159?
9
What is the units digit of 2801?
1
What is the tens digit of 5377?
7
What is the tens digit of 18880?
8
What is the hundreds digit of 7299?
2
What is the thousands digit of 1488?
1
What is the hundreds digit of 15446?
4
What is the hundreds digit of 1619?
6
What is the tens digit of 470?
7
What is the units digit of 15728?
8
What is the thousands digit of 3792?
3
What is the units digit of 21948?
8
What is the ten thousands digit of 13258?
1
What is the tens digit of 713?
1
What is the units digit of 13364?
4
What is the thousands digit of 27055?
7
What is the ten thousands digit of 46852?
4
What is the thousands digit of 2115?
2
What is the hundreds digit of 4932?
9
What is the hundreds digit of 52046?
0
What is the tens digit of 285?
8
What is the thousands digit of 16875?
6
What is the hundreds digit of 7365?
3
What is the hundreds digit of 79193?
1
What is the hundreds digit of 127560?
5
What is the units digit of 2822?
2
What is the tens digit of 734?
3
What is the tens digit of 1508?
0
What is the tens digit of 2545?
4
What is the units digit of 293?
3
What is the hundreds digit of 7613?
6
What is the ten thousands digit of 29862?
2
What is the thousands digit of 26943?
6
What is the hundreds digit of 1168?
1
What is the thousands digit of 92723?
2
What is the hundreds digit of 123?
1
What is the tens digit of 3330?
3
What is the units digit of 13341?
1
What is the hundreds digit of 2943?
9
What is the thousands digit of 3941?
3
What is the ten thousands digit of 33942?
3
What is the tens digit of 724?
2
What is the units digit of 24664?
4
What is the units digit of 728?
8
What is the ten thousands digit of 13105?
1
What is the units digit of 6996?
6
What is the hundreds digit of 804?
8
What is the units digit of 25414?
4
What is the thousands digit of 3271?
3
What is the tens digit of 241?
4
What is the units digit of 14288?
8
What is the units digit of 1515?
5
What is the hundreds digit of 398?
3
What is the units digit of 3187?
7
What is the tens digit of 447?
4
What is the tens digit of 2134?
3
What is the hundreds digit of 117323?
3
What is the units digit of 10395?
5
What is the tens digit of 66?
6
What is 